 65 = -5*q. Let i(a) = -a**2 + 3*a + 46. Let x be i(d). Let b(m) = -4*m - 1 + x + 1 - 1. What is b(4)?
-11
Let f(a) = 167 - 79 - 68 - 26*a. Determine f(1).
-6
Let g(p) = -p**3 - 2*p**2 + 2*p + 1. Let d be g(-2). Let c = -138 + 167. Let a(q) = 27*q - 57*q + 4 + c*q. Give a(d).
7
Suppose 40 + 386 = 6*v. Let q = -73 + v. Let t(h) = 7*h**2 + 5. Let f(l) = 6*l**2 + 4. Let a(m) = 5*f(m) - 4*t(m). What is a(q)?
8
Let x(v) = v**2 + 3 + 4*v + 0*v**2 - 2. Let u be -29 - -24 - -2*(-5)/(-1). Let l be 2*u/15 + 102/(-18). What is x(l)?
6
Let i(s) = s**2 + 24*s - 35. Let u(q) = q**2 - 41*q - 1669. Let l be u(-25). Give i(l).
-130
Let o(q) = 6*q**2 - 4*q - 19. Let b be 33 + (25 - 60) - (-1 - -2). Calculate o(b).
47
Let x be -4*(-12)/8 - 6. Let q(i) = -3*i**2 + 5. Let c be q(x). Let h(k) = k + 2. Give h(c).
7
Let m(z) = -7 - 3*z - z - 4*z + 7*z + 4*z. Let j(u) = u**2 + 8*u - 16. Let i be j(-10). Determine m(i).
5
Let o be ((-112)/21 - 2)*3*-1. Let b(r) = o*r - 7*r - 16*r - 19 + 34. Give b(7).
8
Let t(k) = -2*k - 21. Let w(s) = 5*s + 41. Let l(c) = -9*t(c) - 4*w(c). Suppose 3 = -z, -5*z + 190 = f + 189. What is l(f)?
-7
Let h(k) = -4*k + 2. Suppose 5*f + 2*n = 15, 4*f - 2*f + 4*n = -10. Suppose 3*r + f*j - 227 = 0, j - 2*j = 2. Let u = r + -84. Determine h(u).
22
Suppose -q - 5 = 0, 4*v - 2*q - 1 - 25 = 0. Suppose 2*n + 4*z - 4 = 0, -3*n - v*z + 1 + 3 = 0. Let j(h) = 1 - 2 + h + n - 5. Calculate j(-5).
-11
Let y(h) = -2*h**2 + 4*h - 2. Let d = 1 + -3. Let p = d + 3. Let j be 3/(p/(1/1)). Give y(j).
-8
Let p be 3*(228/(-9))/(-4). Suppose -p*y - 4 = -21*y. Let c(k) = 4*k - 5. What is c(y)?
3
Let q = 140351 - 140344. Let v(z) be the second derivative of z**4/8 - 4*z**3/3 - z**2/2 - z. Let t(p) be the first derivative of v(p). Calculate t(q).
13
Let w(j) be the second derivative of j**4/12 - j**3/3 - j**2 - 31*j. Let c(o) = o**2 - 12*o + 37. Let i be c(8). Suppose 0 = -i*u + 7*u - 6. Calculate w(u).
1
Let c(g) = g**2 + 0*g**2 - 6*g + 0*g**2 + 4. Let z(w) = w**3 + 7*w**2 + w - 40. Let l be z(-5). Suppose l*a - 15 = 5. What is c(a)?
-4
Let x(g) = 40*g - 1196. Let w be x(30). Let a be (0/1)/(3 + -1). Let j(v) = -w*v**2 - 81*v + a*v**2 + 80*v - v**3. Determine j(-3).
-6
Let r(o) = -2*o**2 + 8*o + 16. Let h(l) = 2*l**2 - 5*l - 17. Let c(v) = 3*h(v) + 4*r(v). Let f(j) = j**2 - 9*j - 7. Let u(q) = -4*c(q) - 7*f(q). Give u(4).
-7
Let a(k) be the third derivative of k**5/60 + 4*k**4/3 + 71*k**3/2 + k**2 - 737. Determine a(-23).
6
Suppose -3*s = -4*s - 4*o + 27, -24 = 2*s - 5*o. Let h(x) = -x**3 + x**2 + 4*x - 4. Determine h(s).
-10
Let f = 10 - 8. Suppose 2*l = -2*h + 6*h - 16, f*h = 5*l + 24. Let q(s) = s**2 - 14*s + 22*s - h + 4. Give q(-8).
2
Let b be ((-9)/6 + 1)/((-1908)/144 - -13). Let u(d) be the second derivative of 1/3*d**3 - 3/2*d**b - 16*d + 0 - 1/20*d**5 - 1/3*d**4. Give u(-4).
-11
Let j be ((-2)/(-3))/((-40)/(-240)). Let i be 18/(-3)*(j - 3). Let v(x) = 0 - x + 2 + 6. Determine v(i).
14
Let j(w) be the third derivative of -w**6/120 + 37*w**5/60 + 31*w**4/24 + 269*w**3/6 - 4*w**2 - 840*w. Calculate j(38).
3
Let l(s) = 11*s + 7671 + 0*s**2 + s**2 - 7709. What is l(-13)?
-12
Suppose 567 = 108*t - 105*t. Let q be t/(-36) + (-2 - (-27)/12). Let m(f) = f + 11. Give m(q).
6
Let g(w) = -w**2 + 5*w - 4. Let c(y) = -13*y**3 + 5*y**2 - 3*y - 1. Let l be c(2). Let r = l - -95. Calculate g(r).
0
Let l(x) = 3 - 3 - 4*x - 2. Let i(p) = p**3 + 5*p**2 + 13*p + 18. Let j be i(-4). Let c be (-90)/j - 4*2. Give l(c).
10
Let r(l) be the second derivative of 26*l + 0 + 1/24*l**4 + 4/3*l**3 - 9/2*l**2. Let g(v) be the first derivative of r(v). Calculate g(7).
15
Let b(w) be the second derivative of -w**5/60 - 3*w**4/8 - 5*w**3/3 + 181*w**2/2 - 5*w. Let s(u) be the first derivative of b(u). Give s(-8).
-2
Let h(o) be the second derivative of 5*o**3/6 + 36*o**2 - 128*o - 4. Calculate h(-21).
-33
Let t(d) = -d**2 + 13*d + 11. Let q(x) = 4*x**2 + 9*x + 13. Let h(s) = 5*s**2 + 8*s + 13. Let n(c) = 5*h(c) - 6*q(c). Let g(a) = 5*n(a) + 6*t(a). What is g(8)?
1
Let j(b) = 2*b**2 + 23*b + 15. Let n = 529 - 540. Give j(n).
4
Let m(i) be the third derivative of -i**4/8 + 5*i**3/6 + 2*i**2 - 2823. Suppose -2*d - 24 = 5*v, -5*v - 15 = 3*d + 2*d. What is m(v)?
23
Let h(v) = -7*v**3 + 8*v**2 - 9*v + 14. Let u(f) = 3*f**3 - 4*f**2 + 4*f - 6. Let k(a) = -2*h(a) - 5*u(a). What is k(3)?
5
Let p(h) be the first derivative of -h**2/2 + h - 1. Let g = -122 - -124. Let v(n) = 4*n - 2. Let z be v(g). What is p(z)?
-5
Let x(t) = 124*t**2 + 3*t + 129*t**2 + 3 - 254*t**2. Give x(7).
-25
Let q = -131 - -148. Let f(r) = r - 4*r - 1 + 2*r - q*r**3 + 18*r**3. Let s(n) = 4*n**3 - 3*n - 4. Let u(o) = 3*f(o) - s(o). Determine u(2).
-7
Let s(m) be the first derivative of -m**6/120 + 2*m**5/15 - m**4/4 - 5*m**3/3 - 7*m**2 + 2*m + 181. Let n(w) be the second derivative of s(w). Determine n(7).
-3
Let r(z) = -581 + 745 - 39 + 28*z. Give r(-4).
13
Suppose 4*p - 24 = b - 0*p, -24 = b + p. Let k(f) = -f**2 - 47*f + 131. Let c be k(-50). Let n = b - c. Let m(h) = h**2 + 6*h + 7. What is m(n)?
2
Let h be (-6 - -14 - 10) + 6. Let i(d) be the third derivative of -d**5/60 + 7*d**4/24 - 5*d**3/3 - 5*d**2. Give i(h).
2
Let r be ((-148)/8)/1 + 2/4. Let b = 21 + r. Let h(p) = -b + 11 + 4*p - 7*p + 5*p**2 - p + p**3. Calculate h(-6).
-4
Let c(r) = -r**3 - 17*r**2 + 8*r - 6. Let d be c(-16). Let n be 2 + (-32)/18 + d/54. Let h(b) = -b**2 - 7*b - 3. Calculate h(n).
-3
Let m = -4 - -11. Let z(b) = -b. Let d(w) be the first derivative of -w**2 + 119. Let k(l) = m*z(l) - 4*d(l). Give k(2).
2
Suppose -3*a - r = -4, 2*a = 3*a + r. Let f(t) be the third derivative of t**5/60 - t**4/8 + t**3/6 - 141*t**2. Determine f(a).
-1
Suppose -3*l - i = -35, -4*i + 8*i = -2*l + 20. Let s(a) = l + a - 3 + 1 - 1. What is s(-5)?
4
Let m(j) = -35*j - 19. Let l be m(5). Let z = l + 202. Let c(t) = t + 3. What is c(z)?
11
Let d(z) = z**2 + 18*z - 1292. Let v be d(28). Let y(f) = f**2 + 5*f + 9. Calculate y(v).
5
Let r(f) = f**3 + 5*f**2 - 2*f + 7. Let o be r(-5). Let y be (-5 + o)*1/2. Let v(s) = -4*s - s + s**3 - 4 - y*s**2 + 12*s - 5*s. What is v(5)?
-19
Let c(a) be the third derivative of -7*a**4/24 + 16*a**3/3 - 660*a**2. Calculate c(6).
-10
Let w(m) be the second derivative of -m**5/20 - 7*m**4/12 + 4*m**3 + 97*m**2 + m + 400. What is w(-6)?
14
Let p(v) = -6*v**2 - 4*v + 6. Let k(g) = 18*g**2 + 15*g - 19. Let w(u) = 2*k(u) + 7*p(u). Give w(-2).
-24
Let p(a) = -68 - 988*a + 2*a**2 + 2004*a - 36*a**2 - 983*a + 20 + a**3. Calculate p(33).
-48
Let s(l) = 14*l**2 - 223*l - 19. Let p be 6 + 145/203*42/3. What is s(p)?
-3
Let m(w) be the first derivative of 2*w**3/3 - 33*w**2 - 4*w + 670. What is m(33)?
-4
Let y(o) = 23*o**2 + 1. Suppose m + 27 = -4*k, -4*m = -6*m - k - 26. Let j = -10 - m. Determine y(j).
24
Let p(n) = 2*n**2 + 1. Suppose 3*y - 24 - 3 = 0, -3*y = -v - 27. What is p(v)?
1
Let t be ((-4)/(-6)*1)/(10/75). Let k(u) = -9*u + t*u + 6*u. Suppose -11 = -5*w + 14. Give k(w).
10
Let j = 305 - 205. Let k = j + -100. Suppose k*p = 2*p - 3*l + 22, l - 24 = 4*p. Let b(s) = -s - 1. Give b(p).
4
Let h(v) = 7*v + 5. Let s be h(-1). Let y(a) = -39*a + 163*a - 41*a - 39*a - 47*a. Calculate y(s).
6
Let j(y) = y**3 + 8*y**2 + 4*y - 20. Suppose -25*b = o - 24*b + 10, 2*o - 1 = 5*b. Give j(o).
1
Let t(u) = -6 - 1 - 1 + 2 + 4*u. Let o = 12094 + -12088. Determine t(o).
18
Let x(q) be the second derivative of q**3/3 + 19*q**2 - 875*q - 3. What is x(-10)?
18
Let l(p) = 12*p + 94. Suppose -r + 15*i = 16*i - 1, -4*i + 60 = -4*r. What is l(r)?
10
Let f = -210 + 288. Let p(c) = 7*c**2 - c**3 + 154*c - f*c + 2*c**3 - 69*c. Calculate p(-6).
-6
Let n(l) = -l**3 + 3*l**2 + 3*l + 3. Suppose -f + 0*f + 103 = 0. Suppose -z + f = -3. Suppose 4*a = 122 - z. Give n(a).
-1
Let t(v) be the second derivative of -23*v + 0*v**2 - 13/6*v**3 + 1. What is t(1)?
-13
Let p be 28/(-16) + (165/20)/11. Let f(q) = q - 1. Let c be f(3). Let o(g) = -5*g**3 + g - 1 + 2 + 0*g**2 + g**c. Determine o(p).
6
Let w(n) = 4*n + 23. Let t(x) = -4*x - 27. Let y(f) = -3*t(f) - 4*w(f). Calculate y(-5).
9
Let r(p) = 50*p + 279. Let x(z) = 120*z + 669. Let n(g) = -43*r(g) + 18*x(g). Determine n(-8).
-35
Let n(t) be the first derivative of 7*t**2/2 + 66*t - 2416. What is n(-10)?
-4
Let n be 39/273 - (-20)/7. Le